{"id":7,"date":"2026-04-07T11:55:11","date_gmt":"2026-04-07T11:55:11","guid":{"rendered":"https:\/\/batucada.fi\/?page_id=7"},"modified":"2026-04-10T09:54:17","modified_gmt":"2026-04-10T09:54:17","slug":"batucada-finland-oy","status":"publish","type":"page","link":"https:\/\/batucada.fi\/","title":{"rendered":"BATUCADA FINLAND"},"content":{"rendered":"\n<figure class=\"wp-block-image size-large\"><img loading=\"lazy\" decoding=\"async\" width=\"1024\" height=\"219\" src=\"https:\/\/batucada.fi\/wp-content\/uploads\/2026\/04\/BatucadaFi_Banner-1024x219.png\" alt=\"\" class=\"wp-image-24\" srcset=\"https:\/\/batucada.fi\/wp-content\/uploads\/2026\/04\/BatucadaFi_Banner-1024x219.png 1024w, https:\/\/batucada.fi\/wp-content\/uploads\/2026\/04\/BatucadaFi_Banner-300x64.png 300w, https:\/\/batucada.fi\/wp-content\/uploads\/2026\/04\/BatucadaFi_Banner-768x164.png 768w, https:\/\/batucada.fi\/wp-content\/uploads\/2026\/04\/BatucadaFi_Banner-1536x328.png 1536w, https:\/\/batucada.fi\/wp-content\/uploads\/2026\/04\/BatucadaFi_Banner-2048x438.png 2048w\" sizes=\"auto, (max-width: 1024px) 100vw, 1024px\" \/><\/figure>\n\n\n\n<div class=\"wp-block-group alignfull has-global-padding is-layout-constrained wp-container-core-group-is-layout-490fa1db wp-block-group-is-layout-constrained\" style=\"padding-top:var(--wp--preset--spacing--50);padding-right:var(--wp--preset--spacing--50);padding-bottom:var(--wp--preset--spacing--50);padding-left:var(--wp--preset--spacing--50)\">\n<div class=\"wp-block-group has-global-padding is-layout-constrained wp-container-core-group-is-layout-650790e1 wp-block-group-is-layout-constrained\">\n<h1 class=\"wp-block-heading has-text-align-center has-x-large-font-size\">Monipuolista konsultointia vuosien kokemuksella<\/h1>\n\n\n\n<div style=\"height:1.25rem\" aria-hidden=\"true\" class=\"wp-block-spacer\"><\/div>\n\n\n\n<p class=\"has-text-align-center\"><strong>Batucada on rytmi\u00e4, sykett\u00e4, liikkeelle paneva voima!<\/strong><\/p>\n\n\n\n<p class=\"has-text-align-center\"><strong>Yrityksen liiketoiminnan kehitt\u00e4minen vaatii juuri sit\u00e4, ilman alkuvoimaa ei tapahdu muutosta.&nbsp;<\/strong><\/p>\n\n\n\n<div style=\"height:1.25rem\" aria-hidden=\"true\" class=\"wp-block-spacer\"><\/div>\n\n\n\n<div class=\"wp-block-buttons is-content-justification-center is-layout-flex wp-container-core-buttons-is-layout-a89b3969 wp-block-buttons-is-layout-flex\">\n<div class=\"wp-block-button\"><a class=\"wp-block-button__link wp-element-button\">Ota yhteytt\u00e4<\/a><\/div>\n<\/div>\n<\/div>\n\n\n\n<div style=\"height:var(--wp--preset--spacing--30)\" aria-hidden=\"true\" class=\"wp-block-spacer\"><\/div>\n\n\n\n<figure class=\"wp-block-image alignwide size-full is-style-rounded is-style-rounded--1\"><img loading=\"lazy\" decoding=\"async\" width=\"1500\" height=\"703\" src=\"https:\/\/batucada.fi\/wp-content\/uploads\/2026\/04\/building-exterior.webp\" alt=\"Building exterior in Toronto, Canada\" class=\"wp-image-14\" srcset=\"https:\/\/batucada.fi\/wp-content\/uploads\/2026\/04\/building-exterior.webp 1500w, https:\/\/batucada.fi\/wp-content\/uploads\/2026\/04\/building-exterior-300x141.webp 300w, https:\/\/batucada.fi\/wp-content\/uploads\/2026\/04\/building-exterior-1024x480.webp 1024w, https:\/\/batucada.fi\/wp-content\/uploads\/2026\/04\/building-exterior-768x360.webp 768w\" sizes=\"auto, (max-width: 1500px) 100vw, 1500px\" \/><\/figure>\n<\/div>\n\n\n\n<div class=\"wp-block-group alignfull has-base-2-background-color has-background has-global-padding is-layout-constrained wp-container-core-group-is-layout-669513ed wp-block-group-is-layout-constrained\" style=\"margin-top:0;margin-bottom:0;padding-top:var(--wp--preset--spacing--50);padding-right:var(--wp--preset--spacing--50);padding-bottom:var(--wp--preset--spacing--50);padding-left:var(--wp--preset--spacing--50)\">\n<div class=\"wp-block-group is-vertical is-content-justification-center is-layout-flex wp-container-core-group-is-layout-52b864f0 wp-block-group-is-layout-flex\">\n<h2 class=\"wp-block-heading has-text-align-center is-style-asterisk\">Konsultointipalvelut<\/h2>\n\n\n\n<div style=\"height:0px\" aria-hidden=\"true\" class=\"wp-block-spacer wp-container-content-4f2ccadb\"><\/div>\n\n\n\n<p class=\"has-text-align-center\">Haluatko vied\u00e4 organisaatiosi uudelle tasolle? Kaipaatko r\u00e4\u00e4t\u00e4l\u00f6ityj\u00e4 liikkeenjohdon ratkaisuja, jotka vastaavat t\u00e4sm\u00e4lleen yrityksesi tarpeisiin? Me olemme t\u00e4\u00e4ll\u00e4 auttamassa sinua menestym\u00e4\u00e4n!<\/p>\n<\/div>\n\n\n\n<div style=\"margin-top:0;margin-bottom:0;height:var(--wp--preset--spacing--40)\" aria-hidden=\"true\" class=\"wp-block-spacer\"><\/div>\n\n\n\n<div class=\"wp-block-columns alignwide is-layout-flex wp-container-core-columns-is-layout-d0bbbce0 wp-block-columns-is-layout-flex\">\n<div class=\"wp-block-column is-layout-flow wp-container-core-column-is-layout-e3d1c41b wp-block-column-is-layout-flow\">\n<h3 class=\"wp-block-heading has-text-align-left is-style-asterisk has-body-font-family has-medium-font-size\" style=\"font-style:normal;font-weight:600\">Asiantuntijuus<\/h3>\n\n\n\n<p class=\"has-text-align-left\">Batucadan taustalta l\u00f6ytyy kokemusta ja n\u00e4kemyst\u00e4 liikkeenjohdon sparraamisesta vuosien kokemuksella eri toimialoilta. Olemme ty\u00f6skennelleet monipuolisten yritysten kanssa ja saavuttaneet n\u00e4kyvi\u00e4 tuloksia.<\/p>\n<\/div>\n\n\n\n<div class=\"wp-block-column is-layout-flow wp-container-core-column-is-layout-e3d1c41b wp-block-column-is-layout-flow\">\n<h3 class=\"wp-block-heading has-text-align-left is-style-asterisk has-body-font-family has-medium-font-size\" style=\"font-style:normal;font-weight:600\">R\u00e4\u00e4t\u00e4l\u00f6idyt ratkaisut<\/h3>\n\n\n\n<p class=\"has-text-align-left\">Ymm\u00e4rr\u00e4mme, ett\u00e4 jokainen yritys on ainutlaatuinen. Siksi tarjoamme r\u00e4\u00e4t\u00e4l\u00f6ityj\u00e4 liikkeenjohdon ratkaisuja, jotka vastaavat juuri sinun liiketoimintasi tarpeisiin. Emme tarjoa yht\u00e4 kokoa sopivaa ratkaisua, vaan ty\u00f6skentelemme yhdess\u00e4 kanssasi luodaksemme juuri sinulle sopivan strategian.<\/p>\n<\/div>\n\n\n\n<div class=\"wp-block-column is-layout-flow wp-container-core-column-is-layout-e3d1c41b wp-block-column-is-layout-flow\">\n<h3 class=\"wp-block-heading has-text-align-left is-style-asterisk has-body-font-family has-medium-font-size\" style=\"font-style:normal;font-weight:600\">Tuloksia ohjaava l\u00e4hestymistapa<\/h3>\n\n\n\n<p class=\"has-text-align-left\">Batucada ei vain tarjoa neuvoja \u2013 tuomme mukanamme k\u00e4yt\u00e4nn\u00f6n kokemuksen ja n\u00e4kemyksen, joka auttaa sinua saavuttamaan konkreettisia tuloksia. Yhdess\u00e4 kehit\u00e4mme strategioita, jotka ovat suunniteltu viem\u00e4\u00e4n liiketoimintasi seuraavalle tasolle.<\/p>\n<\/div>\n<\/div>\n\n\n\n<div style=\"height:var(--wp--preset--spacing--20)\" aria-hidden=\"true\" class=\"wp-block-spacer\"><\/div>\n\n\n\n<div class=\"wp-block-columns alignwide is-layout-flex wp-container-core-columns-is-layout-d0bbbce0 wp-block-columns-is-layout-flex\">\n<div class=\"wp-block-column is-layout-flow wp-container-core-column-is-layout-e3d1c41b wp-block-column-is-layout-flow\">\n<h3 class=\"wp-block-heading has-text-align-left is-style-asterisk has-body-font-family has-medium-font-size\" style=\"font-style:normal;font-weight:600\">Innovatiivinen ajattelu<\/h3>\n\n\n\n<p class=\"has-text-align-left\">Olemme edell\u00e4k\u00e4vij\u00f6it\u00e4 liikkeenjohdon innovaatioissa. K\u00e4yt\u00e4mme uusimpia ty\u00f6kaluja, teknologioita ja parhaita k\u00e4yt\u00e4nt\u00f6j\u00e4 varmistaaksemme, ett\u00e4 liiketoimintasi pysyy kilpailukykyisen\u00e4 muuttuvassa liiketoimintaymp\u00e4rist\u00f6ss\u00e4.<\/p>\n<\/div>\n\n\n\n<div class=\"wp-block-column is-layout-flow wp-container-core-column-is-layout-e3d1c41b wp-block-column-is-layout-flow\">\n<h3 class=\"wp-block-heading has-text-align-left is-style-asterisk has-body-font-family has-medium-font-size\" style=\"font-style:normal;font-weight:600\">Projektien hallinta<\/h3>\n\n\n\n<p class=\"has-text-align-left\">Oletko ottamassa k\u00e4ytt\u00f6\u00f6si uutta tietoj\u00e4rjestelm\u00e4\u00e4 tai tarvitsetko ylim\u00e4\u00e4r\u00e4ist\u00e4 resurssia kiireiseen projektiin? -Me autamme!<\/p>\n<\/div>\n\n\n\n<div class=\"wp-block-column is-layout-flow wp-container-core-column-is-layout-e3d1c41b wp-block-column-is-layout-flow\">\n<h3 class=\"wp-block-heading has-text-align-left is-style-asterisk has-body-font-family has-medium-font-size\" style=\"font-style:normal;font-weight:600\">J\u00e4rjestelm\u00e4vertailut<\/h3>\n\n\n\n<p class=\"has-text-align-left\">Onko suunnitelmissa uusi j\u00e4rjestelm\u00e4 tai tarvitaanko nykyisest\u00e4 tehot irti? Yli 20 vuoden kokemuksella toiminnanohjausj\u00e4rjestelmist\u00e4 pystymme varmasti olemaan avuksi.<\/p>\n<\/div>\n<\/div>\n<\/div>\n\n\n\n<div class=\"wp-block-group alignfull has-global-padding is-layout-constrained wp-container-core-group-is-layout-d89aad35 wp-block-group-is-layout-constrained\" style=\"margin-top:0;margin-bottom:0;padding-top:var(--wp--preset--spacing--50);padding-right:var(--wp--preset--spacing--50);padding-bottom:var(--wp--preset--spacing--50);padding-left:var(--wp--preset--spacing--50)\">\n<div class=\"wp-block-group alignwide has-global-padding is-layout-constrained wp-container-core-group-is-layout-19e250f3 wp-block-group-is-layout-constrained\">\n<div class=\"wp-block-group is-vertical is-content-justification-center is-layout-flex wp-container-core-group-is-layout-6329a8f3 wp-block-group-is-layout-flex\">\n<h2 class=\"wp-block-heading has-text-align-center is-style-asterisk\">Tule mukaan matkalle kohti menestyst\u00e4 Batucadan kanssa. Yhdess\u00e4 voimme saavuttaa enemm\u00e4n.<\/h2>\n\n\n\n<p class=\"has-text-align-center\"><\/p>\n<\/div>\n\n\n\n<div style=\"height:var(--wp--preset--spacing--40)\" aria-hidden=\"true\" class=\"wp-block-spacer\"><\/div>\n\n\n\n<div class=\"wp-block-columns alignwide is-layout-flex wp-container-core-columns-is-layout-d1c656ed wp-block-columns-is-layout-flex\">\n<div class=\"wp-block-column is-vertically-aligned-center is-layout-flow wp-block-column-is-layout-flow\" style=\"flex-basis:40%\">\n<h3 class=\"wp-block-heading is-style-asterisk\">Ota yhteytt\u00e4 ja keskustellaan siit\u00e4, miten voimme auttaa juuri sinun liiketoimintaasi kasvamaan ja menestym\u00e4\u00e4n!<\/h3>\n\n\n\n<ul style=\"line-height:1.75\" class=\"wp-block-list is-style-checkmark-list\">\n<li>toni@batucada.fi | toni@batucada.eu<\/li>\n\n\n\n<li>+358 40 546 1948<\/li>\n\n\n\n<li>Batucada Finland Oy<\/li>\n<\/ul>\n<\/div>\n\n\n\n<div class=\"wp-block-column is-layout-flow wp-block-column-is-layout-flow\" style=\"flex-basis:50%\">\n<figure class=\"wp-block-image size-large is-style-rounded is-style-rounded--2\"><img loading=\"lazy\" decoding=\"async\" width=\"1200\" height=\"800\" src=\"https:\/\/batucada.fi\/wp-content\/uploads\/2026\/04\/tourist-and-building.webp\" alt=\"Tourist taking photo of a building\" class=\"wp-image-13\" srcset=\"https:\/\/batucada.fi\/wp-content\/uploads\/2026\/04\/tourist-and-building.webp 1200w, https:\/\/batucada.fi\/wp-content\/uploads\/2026\/04\/tourist-and-building-300x200.webp 300w, https:\/\/batucada.fi\/wp-content\/uploads\/2026\/04\/tourist-and-building-1024x683.webp 1024w, https:\/\/batucada.fi\/wp-content\/uploads\/2026\/04\/tourist-and-building-768x512.webp 768w\" sizes=\"auto, (max-width: 1200px) 100vw, 1200px\" \/><\/figure>\n<\/div>\n<\/div>\n\n\n\n<div style=\"height:var(--wp--preset--spacing--40)\" aria-hidden=\"true\" class=\"wp-block-spacer\"><\/div>\n<\/div>\n<\/div>\n\n\n\n\n\n<p><\/p>\n","protected":false},"excerpt":{"rendered":"<p>Monipuolista konsultointia vuosien kokemuksella Batucada on rytmi\u00e4, sykett\u00e4, liikkeelle paneva voima! Yrityksen liiketoiminnan kehitt\u00e4minen vaatii juuri sit\u00e4, ilman alkuvoimaa ei tapahdu muutosta.&nbsp; Konsultointipalvelut Haluatko vied\u00e4 organisaatiosi uudelle tasolle? Kaipaatko r\u00e4\u00e4t\u00e4l\u00f6ityj\u00e4 liikkeenjohdon ratkaisuja, jotka vastaavat t\u00e4sm\u00e4lleen yrityksesi tarpeisiin? Me olemme t\u00e4\u00e4ll\u00e4 auttamassa sinua menestym\u00e4\u00e4n! Asiantuntijuus Batucadan taustalta l\u00f6ytyy kokemusta ja n\u00e4kemyst\u00e4 liikkeenjohdon sparraamisesta vuosien kokemuksella eri [&hellip;]<\/p>\n","protected":false},"author":1,"featured_media":0,"parent":0,"menu_order":0,"comment_status":"closed","ping_status":"closed","template":"","meta":{"footnotes":""},"class_list":["post-7","page","type-page","status-publish","hentry"],"_links":{"self":[{"href":"https:\/\/batucada.fi\/index.php?rest_route=\/wp\/v2\/pages\/7","targetHints":{"allow":["GET"]}}],"collection":[{"href":"https:\/\/batucada.fi\/index.php?rest_route=\/wp\/v2\/pages"}],"about":[{"href":"https:\/\/batucada.fi\/index.php?rest_route=\/wp\/v2\/types\/page"}],"author":[{"embeddable":true,"href":"https:\/\/batucada.fi\/index.php?rest_route=\/wp\/v2\/users\/1"}],"replies":[{"embeddable":true,"href":"https:\/\/batucada.fi\/index.php?rest_route=%2Fwp%2Fv2%2Fcomments&post=7"}],"version-history":[{"count":6,"href":"https:\/\/batucada.fi\/index.php?rest_route=\/wp\/v2\/pages\/7\/revisions"}],"predecessor-version":[{"id":25,"href":"https:\/\/batucada.fi\/index.php?rest_route=\/wp\/v2\/pages\/7\/revisions\/25"}],"wp:attachment":[{"href":"https:\/\/batucada.fi\/index.php?rest_route=%2Fwp%2Fv2%2Fmedia&parent=7"}],"curies":[{"name":"wp","href":"https:\/\/api.w.org\/{rel}","templated":true}]}}